
True
Is 7969584617 prime?
False
Is 998433617 a prime number?
True
Is 5326161419 a composite number?
True
Is 8840299018 prime?
False
Is 488758117 a prime number?
True
Is 238355111 prime?
False
Is 8992765277 prime?
False
Is 12984566819 composite?
True
Is 19696751533 a composite number?
True
Is 10130308493 a prime number?
False
Is 79164186539 composite?
False
Is 300995281 composite?
True
Is 2276049623 a prime number?
True
Is 54612913469 composite?
False
Is 6983073817 prime?
False
Is 2055666317 prime?
True
Is 1230082309 composite?
True
Is 28878932119 a prime number?
True
Is 6186207667 composite?
True
Is 5163745607 composite?
False
Is 1066259267 composite?
False
Is 22193360597 a composite number?
False
Is 137697271 prime?
True
Is 724891351 composite?
False
Is 6586094467 a prime number?
True
Is 910464235 a composite number?
True
Is 17587126087 composite?
False
Is 7684174193 prime?
False
Is 21029160211 a composite number?
True
Is 24683694937 a prime number?
False
Is 133532543 a prime number?
False
Is 470682047 a prime number?
False
Is 21532513 a prime number?
True
Is 3890901181 composite?
False
Is 581980331 a prime number?
False
Is 1114490693 a composite number?
False
Is 28094480737 a prime number?
True
Is 2002327322 a prime number?
False
Is 47261087 prime?
True
Is 6776267489 a prime number?
True
Is 942005643 composite?
True
Is 2203620193 prime?
True
Is 478020667 prime?
True
Is 1076626787 prime?
True
Is 500963321 composite?
False
Is 217035703 a prime number?
True
Is 2529901711 a prime number?
True
Is 34313387033 a prime number?
True
Is 887381447 prime?
False
Is 707229473 composite?
False
Is 267121273 a composite number?
True
Is 9449347907 a composite number?
True
Is 8634375557 a composite number?
True
Is 24873746329 prime?
True
Is 806669639 a prime number?
False
Is 87192569 a prime number?
True
Is 225769849 composite?
False
Is 2127187841 prime?
True
Is 712337501 prime?
False
Is 2260501921 a prime number?
False
Is 91767818537 a prime number?
True
Is 8927605969 prime?
True
Is 39106641863 composite?
False
Is 5205884477 prime?
True
Is 3840905099 a composite number?
False
Is 49868940269 prime?
True
Is 4941024097 prime?
False
Is 1504504117 composite?
True
Is 4030589813 a composite number?
False
Is 1058498951 composite?
False
Is 2389956539 a composite number?
True
Is 13174283081 a prime number?
False
Is 171926969 a composite number?
False
Is 173586853 prime?
False
Is 182825281 a composite number?
False
Is 223131911 a composite number?
False
Is 537060101 a prime number?
True
Is 3699604163 a prime number?
False
Is 3176651039 composite?
True
Is 460134289 prime?
True
Is 244451113 a composite number?
True
Is 7024017439 prime?
True
Is 257680697 composite?
True
Is 17073970861 a composite number?
False
Is 215609305669 prime?
True
Is 163935155 a composite number?
True
Is 404788117 composite?
False
Is 1294804877 a composite number?
True
Is 216716439547 a composite number?
False
Is 13192075969 a composite number?
False
Is 5662419073 composite?
False
Is 263817241 a prime number?
True
Is 563008211 prime?
False
Is 1059236539 composite?
True
Is 2378709017 a composite number?
True
Is 9942300197 composite?
False
Is 580461241 prime?
False
Is 2793231151 a prime number?
False
Is 101641783 prime?
False
Is 42912390083 a composite number?
True
Is 2448273439 a prime number?
False
Is 4342811479 a composite number?
True
Is 29657497937 a prime number?
True
Is 7854478369 composite?
False
Is 8761196767 composite?
True
Is 69134834261 a prime number?
False
Is 6562147429 composite?
True
Is 2021119343 a prime number?
True
Is 8915349419 prime?
True
Is 77781867353 a prime number?
False
Is 13438348223 a prime number?
False
Is 65054459 composite?
True
Is 540178733 prime?
True
Is 7866400441 composite?
False
Is 431270711 prime?
True
Is 7552411247 a prime number?
False
Is 2141180339 a prime number?
True
Is 12196957 a prime number?
True
Is 14792898189 a composite number?
True
Is 1238297629 composite?
True
Is 51990179 composite?
True
Is 3343158941 composite?
False
Is 53949935245 a prime number?
False
Is 3497316197 prime?
False
Is 121463821489 prime?
False
Is 5409272749 prime?
True
Is 861083581 a composite number?
True
Is 701328317 prime?
True
Is 19554131251 a composite number?
True
Is 229959091 a prime number?
False
Is 73626833957 prime?
False
Is 120613433093 a prime number?
False
Is 345254218049 composite?
True
Is 2508802409 a composite number?
False
Is 46965113179 a prime number?
False
Is 9330341831 prime?
False
Is 9019195439 a prime number?
True
Is 67283509031 a prime number?
False
Is 2820202001 a composite number?
False
Is 822631969 a composite number?
True
Is 474015977437 prime?
True
Is 50264317 a composite number?
True
Is 176773813 a composite number?
True
Is 828368663 a composite number?
False
Is 2102574577 composite?
True
Is 11097990689 a prime number?
True
Is 262071226861 composite?
True
Is 20560215937 prime?
True
Is 226460317 a prime number?
False
Is 22730380703 a composite number?
True
Is 698021521 a composite number?
True
Is 18314012441 composite?
False
Is 1150794539 prime?
True
Is 4862801 composite?
True
Is 110555082277 prime?
False
Is 54801514673 a composite number?
True
Is 5447211271 a prime number?
False
Is 13035054167 a prime number?
True
Is 3446412094 prime?
False
Is 4240005949 composite?
True
Is 1032382523 a prime number?
True
Is 1176774509 a composite number?
True
Is 102026684473 a composite number?
True
Is 4112746783 a prime number?
False
Is 5354612457 composite?
True
Is 247201298341 a prime number?
False
Is 2274426431 a prime number?
True
Is 10940923943 composite?
True
Is 11739595377 a prime number?
False
Is 103698431 prime?
True
Is 427522021801 a composite number?
True
Is 43033732429 a composite number?
True
Is 1198917607 composite?
True
Is 224856293 composite?
True
Is 440730467 composite?
True
Is 28881126247 a prime number?
False
Is 19070659583 a prime number?
True
Is 3450460333 prime?
False
Is 5550862579 prime?
True
Is 14795365709 a composite number?
True
Is 13579724209 composite?
False
Is 3876628477 a prime number?
True
Is 208589617 a prime number?
True
Is 8605392137 a prime number?
True
Is 27978487 a composite number?
False
Is 44995004139 a prime number?
False
Is 143556251 composite?
False
Is 88623002407 composite?
True
Is 3377004167 a prime number?
True
Is 316570921 prime?
True
Is 555407879 composite?
True
Is 6777014119 a composite number?
False
Is 39079314851 prime?
False
Is 254061877 a prime number?
False
Is 246637331 a prime number?
False
Is 72032161 composite?
False
Is 182419597 composite?
True
Is 654934871 a composite number?
True
Is 5045622011 a composite number?
False
Is 1840580153 a prime number?
True
Is 480069119 prime?
True
Is 6910857757 prime?
True
Is 1592306871 composite?
True
Is 159858172367 a prime number?
False
Is 695597233 a prime number?
True
Is 1587872971 prime?
False
Is 2189854721 a prime number?
True
Is 4049153 composite?
False
Is 7734619603 prime?
True
Is 388017959 a prime number?
False
Is 1345108981 composite?
True
Is 1643391311 composite?
False
Is 2123228582 a prime number?
False
Is 30834383501 prime?
False
Is 2182798127 a composite number?
True
Is 17810704679 a prime number?
True
Is 4934873459 a prime number?
True
Is 2327205745 prime?
False
Is 82945283471 composite?
False
Is 1644802499 composite?
False
Is 732790089895 prime?
False
Is 367505819 prime?
True
Is 2587138181 prime?
False
Is 1093472903 prime?
True
Is 635513321 composite?
True
Is 17831772307 prime?
True
Is 473329427 a prime number?
True
Is 75472184287 a prime number?
True
Is 44955666299 prime?
True
Is 2922798863 a prime number?
False
Is 590014307 a prime number?
True
Is 9447368837 prime?
False
Is 777532201 prime?
True
Is 119044831 a composite number?
True
Is 5025758623 a prime number?
True
Is 1158928829 prime?
False
Is 26247178699 composite?
True
Is 41522189 a composite number?
True
Is 12962426599 a prime number?
True
Is 32314103477 composite?
False
Is 333137495 a composite number?
True
Is 25576604989 prime?
False
Is 1649510087 prime?
True
Is 60711224729 prime?
True
Is 610711163 composite?
False
Is 8765250167 composite?
True
Is 8982864047 composite?
True
Is 63150681307 composite?
True
Is 392832227 prime?
True
Is 2974765669 a composite number?
False
Is 859247359 a composite number?
T